f w.
3
Suppose -3*p + p + 52 = 0. Let f = -12 + p. What are the prime factors of f?
2, 7
Let y = 0 - -2. Suppose 2*w - 7 - 3 = -y*p, -w - 1 = -p. What are the prime factors of w?
2
Let o(t) = 17*t - 62. What are the prime factors of o(6)?
2, 5
Let n = -10 + 6. Let u be ((-2)/n)/((-3)/(-42)). List the prime factors of -3*1 + 16 + u.
2, 5
Let u(r) = -2*r + 44. List the prime factors of u(0).
2, 11
Suppose -3*k + 2*i + 22 = -6, -4 = 2*i. Suppose -5*f + k*f = 5*u - 13, -f = -u + 1. Suppose -u*p = -p - 16. List the prime factors of p.
2
Let r be (2 + -3 + 4)*1. Suppose 0 = r*z - 2 - 7. Suppose 28 = 5*f + 2*u, -z*f - 2*f + 3*u = -8. What are the prime factors of f?
2
Suppose 3645 + 435 = 17*u. What are the prime factors of u?
2, 3, 5
Suppose 5*c - 4*i - 595 = 0, i - 6*i = 0. What are the prime factors of c?
7, 17
Suppose 5*u - 3*t - 18 = 15, -5*u + 35 = -5*t. List the prime factors of u.
2, 3
Let c = -58 - -97. List the prime factors of c.
3, 13
Let c(x) = x**3 - 7*x**2 + 5*x + 1. List the prime factors of c(8).
3, 5, 7
Suppose -4*d + 2*d + 32 = -4*z, 0 = d - 4*z - 18. What are the prime factors of d?
2, 7
Let g be (-2 - -6)*(-10)/8. Let j(a) = 3*a**2 - 4*a + 7. Let i(b) = -2*b**2 + 2*b - 3. Let c(x) = -5*i(x) - 3*j(x). What are the prime factors of c(g)?
3
Suppose 5*d = 7*d + 10. Let f(u) = -u + 3. What are the prime factors of f(d)?
2
Let b = 4 + -2. Let s(o) = 0*o**2 + o + 3 + o**b - 4. List the prime factors of s(-3).
5
Let x = 17 + 15. Suppose 0 = -3*g + 4*b + x, -b = -4*g + b + 56. What are the prime factors of g?
2
Let r = -14 + 3. Let z(c) = -c**2 - 11*c - 16. Let m be z(r). List the prime factors of (-6)/8 + (-76)/m.
2
Suppose 2*t + 3*u = 58 + 176, 0 = -u - 4. Suppose n = f - 2*n - 35, 0 = -5*f + 2*n + t. What are the prime factors of f?
23
Suppose -2*d = 5*w + 101, -3*d + 4*w = -0*w + 117. Let m be (2 - (2 + d)) + -1. Suppose 6*j = -3*n + j + m, 5*n = -2*j + 51. List the prime factors of n.
3
Let d(h) = -h**2 - 6*h - 3. Let v(n) = -3*n**2 - 11*n - 5. Let q(j) = -5*d(j) + 2*v(j). Let w = 24 - 17. List the prime factors of q(w).
2, 3
Suppose -i + 5*t = -151, 5*t - 6 = 4. List the prime factors of i.
7, 23
Suppose 4*b - 74 = 2*f, -f + 1 - 2 = 0. Suppose -3*l - 46 = -n, l = 4*n + 5*l - 104. Let o = n - b. What are the prime factors of o?
13
Let g = 63 + -95. What are the prime factors of (g/(-4) - 1) + -2?
5
Let k(y) = 7*y**2. Let g be k(3). Suppose -7 = 4*d - g. List the prime factors of d.
2, 7
Let a(j) = -5*j**2 - 5*j + 1. Let p(o) = 11*o**2 + 10*o - 1. Let z(f) = 13*a(f) + 6*p(f). Let i be z(5). Let c = 0 + i. List the prime factors of c.
7
Suppose 2 + 4 = 3*y. Suppose 0 = i + y*l - 24, 5*l = -i + 2*i - 24. What are the prime factors of i?
2, 3
List the prime factors of ((-6)/6 - -5)*298/8.
149
Suppose -j + 0*j + 9 = 0. Let x = -19 + j. Let q(n) = n**3 + 9*n**2 - 11*n + 5. What are the prime factors of q(x)?
3, 5
Let u(o) = o - 7. Let s be u(9). Suppose n + 4*t = 19, 2 = s*n - 3*t - t. List the prime factors of n.
7
Suppose -2*a + b + 73 = 2*b, a - 2*b = 24. Let i = a + 22. Suppose -i = -5*w + 19. List the prime factors of w.
3, 5
Suppose -1 - 5 = -3*g. Suppose 2*a + 2*h + 41 = -3*h, a - 2 = g*h. List the prime factors of a/20 + 44/10.
2
Suppose -3*r - 41 = -f - 4*f, -8 = -2*f + 4*r. List the prime factors of f.
2, 5
Let y = 3 - 3. Suppose -5*k + 25 = y, 4*k = 4*j - 1 - 3. List the prime factors of j.
2, 3
Let f be -12*((-56)/6 + -2). Suppose 5*i + 46 = f. List the prime factors of i.
2, 3
Let n(q) = -3 - q - 14*q**2 + 0*q**3 + 1 - q**3. Let h be 1/((-18)/84*2/6). What are the prime factors of n(h)?
2, 3
Let l(r) = -r**3 + 10*r**2 + 15*r - 15. List the prime factors of l(11).
29
Let c be (-1)/(-5) + (-6)/30. Suppose -3*z = -0*f + 5*f - 128, c = -2*z - 8. List the prime factors of f.
2, 7
Let c(h) = -h**3 + 7*h**2 - h + 10. List the prime factors of c(7).
3
Suppose -3*x + 2*a - 36 = 5*a, -2*x - 27 = 5*a. Let b = -21 - x. Let r = b - -14. List the prime factors of r.
2
Suppose 5*g = 4*i + 1397, 0 = -g - 0*i + i + 280. What are the prime factors of g?
277
Let b be (152/(-6))/(4/(-6)). Let d = 73 - b. What are the prime factors of d?
5, 7
Suppose 0 = -3*a - 0*a. Suppose 0 = 2*i - 10, 4*d - i + 0*i - 15 = a. Suppose 0*n = d*n - 20. What are the prime factors of n?
2
Let h(y) = y**2 - 16*y + 5. Let j be h(8). Let d = 86 + j. Suppose c = 4*c - d. List the prime factors of c.
3
Suppose 5*n - 31 = 2*h, 3*h - 5 = 1. List the prime factors of n.
7
Suppose -5*q - s = -2*q + 268, 5*s - 280 = 3*q. Let n = -27 - q. Suppose 0 = -5*m + 4*w + 71, -w + n = 4*m + 2*w. List the prime factors of m.
3, 5
Let a be 1*8 + (-33)/(-11). Suppose w - 4*q - a = 0, 5*w + 5*q - 91 - 39 = 0. List the prime factors of w.
23
Suppose -7 = 2*p - 3*h, -3*p - h + 0*h - 16 = 0. Let n(c) = -c + 1. List the prime factors of n(p).
2, 3
Let n be ((-16)/(-6))/(2/3). Suppose 3*i + 2*c - 27 = c, 4*i - n*c = 52. What are the prime factors of i?
2, 5
Let g be ((-42)/12)/(1/(-2)). Suppose -g*b + 4*b = -5*r + 83, 3*b + 51 = 3*r. What are the prime factors of r?
2
Suppose 16 = -5*l + 56. Let q = l + 46. List the prime factors of q.
2, 3
Let y = 34 + -10. Suppose 3*b - 2*v = -5*v + y, -5*b + 4*v = 5. Suppose 7 + b = 2*q. What are the prime factors of q?
5
Let j = 30 + -18. List the prime factors of j/2*(-2 - -3).
2, 3
Let s(z) = -3*z + 6. Let d(m) = -2*m + 5. Let u(l) = -7*d(l) + 6*s(l). Let i be u(3). Let w = -2 - i. List the prime factors of w.
3
Let x be ((-2)/4)/((-1)/6). Suppose 0 = x*h + 2*h - 290. List the prime factors of h.
2, 29
Let m(b) = -b + 8. Let d be m(6). Suppose 4*q = d*q. Suppose q*o - 3*o = -33. List the prime factors of o.
11
Suppose 0 = -2*j + 60 + 30. Suppose -l = -4*l + j. List the prime factors of l.
3, 5
Let s(n) = n**2 + 8. List the prime factors of s(0).
2
Let d(x) be the third derivative of x**5/60 + x**4/8 + x**3/2 + x**2. What are the prime factors of d(-3)?
3
Let d be ((-12)/8)/((-1)/2). Let z be (-3)/1 - (-1 + 0). List the prime factors of d/z*(-1 + -1).
3
Suppose 1 = -p, -5*a - 4*p = -4*a. Let t be 2/6 - 32/(-12). Suppose 55 = a*h + t. What are the prime factors of h?
13
Let z(c) = -3*c + 4. Let j be z(-3). Suppose 4*v - 1 = 2*i - j, 2 = -v. What are the prime factors of 13/(i + (1 - 2))?
13
Let y(a) = -4*a**2 + 0*a**2 + a + 5*a**2. Let g be y(-2). Suppose t + 7 = g*t. List the prime factors of t.
7
Suppose 4*y - 256 = -4*c, -2*y = -5*c + 407 - 94. What are the prime factors of c?
3, 7
Let a(z) = -z**2 - 15*z - 18. List the prime factors of a(-13).
2
Suppose 92 = 5*o - 3*x - 63, -3*x + 31 = o. List the prime factors of o.
31
Let y = -36 + 50. List the prime factors of y.
2, 7
List the prime factors of (-1 - -17)*33/12.
2, 11
Suppose -5*k = -185 - 190. Suppose 3*l = -5*s + 149, k + 18 = 2*l - 3*s. Suppose 0 = -2*f - 2*f + l. List the prime factors of f.
2, 3
Let y(i) = 8*i + 3. List the prime factors of y(3).
3
Suppose -104 = -3*x - x. What are the prime factors of x?
2, 13
Let s = -32 + 92. List the prime factors of s.
2, 3, 5
Suppose -2*k - 2*k - 182 = 5*l, -4*l + 3*k - 127 = 0. Let x = -20 - l. List the prime factors of x.
2, 7
Suppose 6*w = 2*w. Suppose -s + 14 - 3 = w. List the prime factors of s.
11
Suppose -3*g + p + 147 = 0, 0 = 3*p - 4*p + 3. List the prime factors of g.
2, 5
Let f = 9 + -9. Let z(y) = -y - 4. Let c be z(-6). Let v = f + c. What are the prime factors of v?
2
Suppose -2*z = -4*z + 128. What are the prime factors of z?
2
Let g = -4 - -93. List the prime factors of g.
89
Let a = -4 - -1. What are the prime factors of 13 + 1*(a + 4)?
2, 7
Let d be (2/(-4))/((-2)/8). Let w be d + (1 - 3) + -7. What are the prime factors of (-2)/(2/(2*w))?
2, 7
Let s(o) = 9*o**3 - 5*o**2 + 6*o - 2. List the prime factors of s(2).
2, 31
Let f(m) = m**3 + 6*m**2 - 8*m - 9. Let j be f(-7). Let r = 7 - j. List the prime factors of r.
3
Let p = 67 + 152. List the prime factors of p.
3, 73
Suppose -4*y = -6 - 6. Let c(q) = q**3 - 2*q**2 - 4. Let a be c(y). Suppose a*h = h + 40. What are the prime factors of h?
2, 5
Let s = -13 - -17. Suppose -s*o - 2*c = -66, o + 52 = 4*o - c. What are the prime factors of o?
17
Let b(k) = -k**3 + k**2 + 2*k + 13. List the prime factors of b(-5).
3, 17
Let u(t) = 7 + t**3 + 8*t + 3*t**2 - 10 - 2*t**3. What are the prime fact